List the prime factors of m(1).
2, 7
Let v(l) = 7*l**2 + 4*l + 13. List the prime factors of v(-4).
109
Let u(s) be the second derivative of -s**3/6 + s**2/2 + s. Let p = -6 + 3. List the prime factors of u(p).
2
Let k be (17/2)/((-5)/(-40)). List the prime factors of 3/21 + k/14.
5
Suppose -i + 275 = 4*i. Suppose -2*j - 2*k + 36 = -0*k, 5*j - i = 2*k. List the prime factors of j.
13
Let h = 19 - 3. Suppose -m + h = -3*g, 0 = -g + 6*g + 20. List the prime factors of m.
2
Suppose 0 = -k + 5*g + 17, -3*k + 2*g - 7*g = -51. Suppose 15 = -3*s, 0*s - k = -n + 3*s. Suppose -n*x = -15 - 9. List the prime factors of x.
2, 3
Suppose -x - c = -204, -4*c + 213 = x - 0*c. What are the prime factors of x?
3, 67
Suppose -2*j = 2*o + 4, -3*o + 32 = o - 4*j. Suppose 4*a = -4*m + 12, -3*m + o + 8 = 5*a. List the prime factors of m.
2
Let n = 102 + -33. Suppose 5*b - n = 26. List the prime factors of b.
19
List the prime factors of 2205/81 - 2/9.
3
Let z(w) = 2*w**3 + w**2 - 4*w - 1. What are the prime factors of z(3)?
2, 5
Let u(v) = v**3 + 4*v**2 - 5*v - 2. Let p be u(-5). Let h = p - -10. List the prime factors of h.
2
Suppose -3*y - 2 = -4*y. Suppose 5*t - y*r - 44 = 0, -4*t + 4*r + 0*r = -28. What are the prime factors of t?
2, 5
Let g(r) = -r**2 + 2*r - 1. Let v(p) = p - 1. Let k(q) = g(q) + 4*v(q). Let x be k(5). Let h = x - -4. List the prime factors of h.
2
Suppose 0 = -l + 3*d - 1 + 56, 0 = 3*l + 5*d - 179. List the prime factors of l.
2, 29
Suppose -2*d - 6 - 10 = 0. Let w be (4/2 + d)/(-2). What are the prime factors of 33/w + 1 + -3?
3
Let j be (-3)/(-12) + 22/8. Suppose j*b - 4 = -4*v + 26, -3*v = 0. List the prime factors of b.
2, 5
Let o(b) = -12*b - 10. List the prime factors of o(-3).
2, 13
Suppose 4*w + 3*a - 4 = 0, -w + 0*w + a + 1 = 0. Let h(u) = 2 - 8*u + 0 - w. What are the prime factors of h(-1)?
3
Let s = 1 + 15. List the prime factors of s.
2
What are the prime factors of (-1855)/(-21) - 1/3?
2, 11
Suppose 0 = 2*y - d - 3 - 0, 2*d + 6 = 2*y. Let w = y + 3. List the prime factors of w.
3
List the prime factors of (-1)/(1 + -2) + 2.
3
Let t(z) = z**2 + 3*z - 2. Let n be t(-5). Suppose -f - f + n = 0. Suppose -f*k + 18 + 50 = 0. What are the prime factors of k?
17
Let f(u) = -u**3 + 6*u**2 - u + 1. List the prime factors of f(5).
3, 7
Suppose 22 = 3*t + 1. Suppose 5*q = t*q - 34. What are the prime factors of q?
17
Let d(c) = -13*c + 1. What are the prime factors of d(-2)?
3
Suppose 0*n - n = -3. Suppose -60 = -n*w - 18. Let z = 24 - w. List the prime factors of z.
2, 5
Suppose c - 48 = -2*c. List the prime factors of c.
2
What are the prime factors of (-3 - (-74)/(-8))/(2/(-8))?
7
Suppose 0*l = 3*g + 3*l - 243, -76 = -g + 4*l. What are the prime factors of g?
2, 5
Let i(d) = -10*d**3 + 2*d + 1. Let u be i(-1). Suppose 4*a + u = 29. List the prime factors of a.
5
Let z(i) = i**3 + 13*i**2 + 4*i - 16. What are the prime factors of z(-10)?
2, 61
Let j = 3 - 0. Let q be 10 - (-1 + -1 + j). Let y = -7 + q. List the prime factors of y.
2
Suppose -3*m - 2*l - 26 = 11, 0 = -2*l - 10. Let r = m + 17. What are the prime factors of r?
2
Let g = 134 + -86. What are the prime factors of ((-3)/(-6))/(2/g)?
2, 3
Suppose -3*p - 1 = -85. Suppose -21 = -4*f - 1. Suppose 0 = -4*v - f*a + p, v + v = -a + 14. What are the prime factors of v?
7
Let q = -5 - -6. Let y(x) = x + 3*x - 3*x + 2*x - q. What are the prime factors of y(5)?
2, 7
Let c = 12 + -3. What are the prime factors of c?
3
Suppose -4*u = 3*u - 231. What are the prime factors of u?
3, 11
Suppose k - 4*w - 22 = 0, 6*k = 7*k - 3*w - 23. List the prime factors of k.
2, 13
List the prime factors of ((-8)/(-14))/(14/1519).
2, 31
Suppose 5*l - 3 = 2. Let k(r) = 22*r**2 - r. List the prime factors of k(l).
3, 7
Let b(u) = 5*u + 6. Let v be b(6). Suppose 0 = a + 2*a - v. Suppose 3*i = 5*i - a. List the prime factors of i.
2, 3
Let d(p) be the third derivative of p**6/120 - p**5/12 - p**4/12 + 7*p**3/6 - 2*p**2. Let r be d(5). Let i = r - -7. List the prime factors of i.
2
Let k be 0/(-3) + -2 - 0. Let q be 18/4 + k/(-4). Suppose 0 = -q*s + s + 40. List the prime factors of s.
2, 5
Let x = 6 - 8. Let a be 3*-1*x/6. What are the prime factors of (a - 0)*9/3?
3
Let k = -4 - -14. Let z(w) = -w**2 + 19*w - 34. Let n be z(17). Suppose n = -10*b + 5*b + k. What are the prime factors of b?
2
Suppose -a = 3*a - 12. List the prime factors of 2/(-6) - (-7)/a.
2
Suppose -9*s + 11*s = 336. List the prime factors of s.
2, 3, 7
Suppose -3*s = 4*s - 1379. What are the prime factors of s?
197
Let g = -231 + 453. What are the prime factors of g?
2, 3, 37
Suppose -29*v = -32*v + 363. What are the prime factors of v?
11
Let i(u) = 20*u**2 + 4 - 1 - 3 - 1 + u. What are the prime factors of i(1)?
2, 5
Suppose 18 = -4*u + 2*u. Let r(g) = g**2 + 15*g - 1. Let b(v) = -v**2 - 14*v + 1. Let n(t) = -7*b(t) - 6*r(t). What are the prime factors of n(u)?
2
Suppose -4*o = -8, 4*t - 4*o = -0*o + 492. What are the prime factors of t?
5
Let q(k) = -k**3 - 5*k**2 + 12*k + 4. What are the prime factors of q(-8)?
2, 5
Suppose -2*r - 2*r = 3*m - 3, 4*m = 2*r + 4. Let t(x) = x - 2. Let d be t(4). Suppose 0 = -d*z + 5*w - r + 4, 2*z = -w + 28. List the prime factors of z.
2, 3
What are the prime factors of 582/14 + (-8)/14?
41
Let o = 161 + 69. What are the prime factors of o?
2, 5, 23
Suppose -2*j - 11 = -5*a + 2*j, 5*a + 2*j = 17. Let n(i) = i - 1. List the prime factors of n(a).
2
Suppose -3*u + 12 = -7*u. List the prime factors of 3 + u + 3*2.
2, 3
Let g = 7 - 1. List the prime factors of (g/9)/(3/144).
2
Let x(b) = b**2 + 5 + 5*b**2 - b**3 - 3. Let y be x(6). List the prime factors of 24/y - (-10)/(-5).
2, 5
Suppose -n = -3*f - 15, 2*f + 42 = -2*n + 4*n. Suppose -4*m = -n - 40. List the prime factors of m.
2
Suppose 5 = 4*x - 3. Suppose -5*z = 2*p - 5, 0 = 2*z - 5*p - 33 + x. What are the prime factors of z?
3
Let g(t) be the second derivative of t**3/6 + 2*t. What are the prime factors of g(5)?
5
Let q(p) = -p**2 + 12*p - 10. Let c be q(8). Suppose 0 = -j + c + 10. What are the prime factors of j?
2
Let o(n) be the second derivative of n**4/12 - n**3/6 + 3*n**2/2 + 4*n. Let d be o(-3). Suppose 0 = -2*w + d - 5. List the prime factors of w.
5
Let q = 7 + -2. Let x(r) = 5*r - 1. What are the prime factors of x(q)?
2, 3
Suppose -l = 2*j - 38, -6*l + 2*l = j - 145. What are the prime factors of l?
2, 3
Let y = 5 + -6. Let v = 1 - y. List the prime factors of v.
2
Suppose -q - 12 = -5*q. Let n(g) = -3*g - 2*g - q*g - g**2. List the prime factors of n(-7).
7
Let s be -2 + -2 + 4 - -3. Suppose -j = s - 24. What are the prime factors of j?
3, 7
Let g(z) = 8*z. Let n = 11 + -9. What are the prime factors of g(n)?
2
Let u(y) = -2*y**2 + 28*y + 8. What are the prime factors of u(13)?
2, 17
Suppose -z = -39 - 23. List the prime factors of z.
2, 31
Let r = 2 + -1. Suppose -z - r = -6. Suppose y - z + 3 = 0. What are the prime factors of y?
2
Let w(s) = -s**3 - 2*s**2 + 12*s + 11. List the prime factors of w(-5).
2, 13
Let f = -39 + 59. List the prime factors of f.
2, 5
Let b be (9/6)/((-4)/(-128)). Suppose -4*o + b = -8. List the prime factors of o.
2, 7
Suppose -8 = -6*d + 94. What are the prime factors of d?
17
Let o(s) be the third derivative of s**6/120 + 2*s**5/15 + s**4/6 - 3*s**3/2 - 3*s**2. What are the prime factors of o(-7)?
2, 3
List the prime factors of (-4)/1 + 4 - -26.
2, 13
Let q(k) = 3*k**2 + 2*k - 1. Let g = 9 + -6. Let s be q(g). Suppose 0 = 3*c + c - s. What are the prime factors of c?
2
Let k(c) = -c + 3. Let z be k(0). Let q(t) = -3*t - 28. Let m be q(-9). Let i = m + z. What are the prime factors of i?
2
Let d = -111 + 200. List the prime factors of d.
89
Let g be (-6)/(-4)*(0 - -12). Suppose -2*k + g = -10. List the prime factors of k.
2, 7
Let p(q) = -q**2 + 11*q - 6. Let v(b) = 1. Let h(z) = -p(z) + 6*v(z). Let c be h(9). What are the prime factors of c - -4 - (-18)/2?
7
Suppose -5*m - 14 = -3*b, 4*b - 8 - 7 = 3*m. Let d = 6 - b. Suppose -d*t = -6 - 24. List the prime factors of t.
2, 5
Suppose -2*l - 50 = -18. Let s be 1/(1/2) - 174. List the prime factors of s/l + (-1)/(-4).
11
Suppose -17 = -4*v + 3*p, -6 = -0*p + 2*p. Let a be 0/3 + v - 8. Let j = 8 + a. List the prime factors of j.
2
Let b = 66 - 16. Let y = -22 + b